se 0 = -2*i + 3*i - v. Let z be 2*i/18*33. What is the greatest common factor of z and 1?
1
Let o = -6 - -5. Let c(n) = -17*n**3 + n**2 - n - 1. Let z be c(o). Calculate the greatest common factor of z and 18.
18
Suppose 0 = -2*w - 0 + 6. Suppose w*t - 18 = -j, -5*t - 65 = -4*j - 10*t. Calculate the highest common factor of 135 and j.
15
Let m(n) = n**3 - 18*n**2 + 22*n + 6. Let u be m(17). Calculate the highest common divisor of u and 13.
13
Let s be 9/2*(-12)/9. Let j(u) = 47 - 2*u - 22 - 26. Let g be j(s). What is the highest common divisor of 11 and g?
11
Suppose -3*n - 2*l = -519, -2*n + 2*l + 881 = 3*n. Let a = 0 - 0. Suppose -w + 4*g + a = -25, g + n = 4*w. What is the highest common divisor of 9 and w?
9
Let x(w) = w**2 + 1. Let n be x(-1). Suppose -60 = -6*z + n*z. Let s(d) = 5*d + 1. Let j be s(1). Calculate the highest common factor of j and z.
3
Let p(a) = -2*a + 7. Let r be p(7). Let w = 12 + r. Calculate the greatest common factor of 55 and w.
5
Let x(o) = 3*o**2 + 7*o**2 - 4 - o + 2*o. Let r be x(4). Suppose -4*q = -0*q - r. Calculate the greatest common divisor of 5 and q.
5
Suppose y - 9 = -4*z - 1, 2*y = 4*z + 52. Suppose 5*j - 3*c - 16 - 16 = 0, 0 = -5*j - 2*c + 37. Let v = j - 2. What is the greatest common factor of v and y?
5
Suppose 44 = 21*c - 19. Let h be -11*(-2 + 0 + -1). What is the highest common factor of c and h?
3
Let l(y) = y**2 - 6*y - 4. Let p be l(7). Suppose 3 = o - p. Calculate the greatest common factor of 9 and o.
3
Suppose -3*g - 2*g = -140. What is the greatest common divisor of 7 and g?
7
Suppose -112 - 83 = -3*x. What is the highest common factor of 13 and x?
13
Suppose 5*p + 0*p + 300 = 0. Let u be 1/(9/p)*-3. Calculate the greatest common factor of u and 100.
20
Let r(o) = 5*o - 6. Let c be r(6). Calculate the highest common factor of 3 and c.
3
Let q be (0 + -2)*162 - 2. Let i be (209/(-4))/((-3)/(-12)). Let r = i - q. What is the greatest common divisor of 13 and r?
13
Let n = -125 - -133. Let i(w) = -44*w. Let x be i(-2). What is the highest common divisor of x and n?
8
Let t be 1 - 24/2 - 3. Let z = 24 + t. What is the highest common divisor of 70 and z?
10
Let h(x) = x**3 + 4*x**2 + x + 5. Let o be h(-4). What is the greatest common divisor of 9 and o?
1
Let g(l) = l**2 + 6*l + 5. Let z be g(-6). Suppose -z*x + c = -90, -c + 5 = 3*x - 49. What is the greatest common divisor of x and 45?
9
Let b = -6 + 15. Let l = -8 - -3. Let w = b + l. What is the highest common divisor of w and 16?
4
Let n(p) = p**3 - 5*p**2 - 13*p + 6. Let t be n(7). What is the highest common divisor of 26 and t?
13
Let w = -18 + 38. What is the greatest common factor of 10 and w?
10
Suppose -37 = -5*h - 4*o - 2, 4*h - 3*o = -3. Suppose -h*q + 17 = -7. Calculate the highest common divisor of 24 and q.
8
Suppose 4*v + 96 = d, -5*d = -2*v - 337 - 71. Let z = 27 + -17. What is the highest common divisor of z and d?
10
Let m = 12 + -10. Calculate the greatest common divisor of 8 and m.
2
Let a = -11 - -25. Calculate the greatest common divisor of 2 and a.
2
Suppose 0 = -4*s + 4*y + 664, -s = 4*s + 2*y - 802. Calculate the highest common factor of s and 18.
18
Let o = -42 + 64. Calculate the greatest common factor of 11 and o.
11
Suppose 0 = -2*f + 3*f - 4. What is the greatest common divisor of f and 36?
4
Let h(p) = -p**3 - 4*p**2 - 2*p + 3. Let k be h(-3). Suppose -3*m - 5*d + 55 = 0, k = 2*m + 2*d + d - 35. What is the greatest common divisor of 50 and m?
10
Let r(j) = 5*j**2 - 2*j + 2. Let m be r(2). Suppose 2*c = -0*c + 252. What is the greatest common divisor of m and c?
18
Let w = 20 + 6. Calculate the greatest common factor of 26 and w.
26
Suppose -4*k + k - j + 358 = 0, -4*j = 2*k - 232. Calculate the highest common divisor of k and 30.
30
Suppose -2*t + 32 = 2*t. Let s(h) = h**2 + 3*h + 3. Let g be s(-3). Let i = g + 5. What is the highest common divisor of t and i?
8
Suppose -6*d + 183 + 159 = 0. Calculate the greatest common divisor of d and 19.
19
Suppose 2*b - 177 = -b. Suppose 53 = 4*u - b. Suppose 4*k - 8*k = 4*y - u, -4*k + 5*y = -73. Calculate the highest common factor of 108 and k.
12
Let b = -37 + 39. What is the greatest common factor of b and 2?
2
Let w(q) = -q**3 - 2*q**2 + 2*q + 4. Let r be w(-2). Suppose x - 43 + 14 = r. Calculate the highest common factor of x and 145.
29
Let k be (28/6)/(35/(-18) + 2). Calculate the greatest common factor of k and 12.
12
Suppose 5*d - 11 = 2*b, 0 = b - d - 2. What is the greatest common divisor of 21 and b?
7
Let b = 175 - 103. What is the highest common divisor of 8 and b?
8
Let g(t) = 49*t - 3 + 0 + 4. Let l be g(1). Suppose -3*h + 4*p - 68 = -6*h, 0 = 2*h - 2*p - l. Calculate the highest common divisor of 36 and h.
12
Let h be (-1)/(-5) + (-21)/5. Let n = h - -6. Suppose -n*f = 3*f - 10. What is the highest common divisor of f and 5?
1
Let g be 5/20 - 79/(-4). Calculate the highest common divisor of g and 10.
10
Suppose 2*k = -2*m + 118, -m - 2*k + 70 = 12. Let a = 18 - 3. Calculate the greatest common divisor of m and a.
15
Suppose -2*y + 5*s = 12, 4*y = y + s + 8. Suppose 4*a = -0 - y. Let n be ((-4)/(-2))/(a/(-20)). Calculate the highest common divisor of n and 8.
8
Suppose 0 = 4*z - 3 - 1. Let b be 8 + (-2 - z - 0). What is the greatest common divisor of 1 and b?
1
Suppose 4*h + 8 = -12. Let n = 27 - h. What is the greatest common factor of 4 and n?
4
Suppose -5*g = -g - 12. Let f be ((-1)/g)/((-5)/30). Calculate the highest common divisor of 6 and f.
2
Let o(p) = 2*p + 4. Let m be o(-4). Let u be (-74)/m - (-18)/(-12). Calculate the highest common factor of 17 and u.
17
Suppose -3 = 3*l - 6*l. Suppose 40 = z + 3*z. Let t = z + -5. Calculate the highest common factor of l and t.
1
Suppose 4 - 3 = -j, -z + 3*j = -88. Suppose -20 = 2*v + 14. Let r be (2 + -2 + -1)*v. Calculate the greatest common factor of r and z.
17
Let m = 97 - 22. Calculate the highest common factor of 50 and m.
25
Let p be ((-12)/24 + (-1)/2)*-2. Calculate the highest common factor of 6 and p.
2
Let c be (-231)/14*(-4)/6. Let h = c - -10. What is the highest common divisor of h and 231?
21
Let d(u) be the first derivative of u**3/3 + 5*u**2/2 + 5*u + 2. Let w be d(-4). Suppose 6 = y + w. What is the greatest common factor of 30 and y?
5
Let n be (-6)/(-4)*2 - 2. Let j be 13*((1 - n) + 1). Suppose -2*r = 5*p - 583, p - 2*r + 3*r = 116. What is the greatest common factor of p and j?
13
Suppose 5*v - 2*l + 25 = 3*l, -l + 5 = 3*v. Suppose v*a = 3*a + 2388. Let i be 6/15 + a/(-10). What is the greatest common divisor of i and 20?
20
Suppose -b = -3*h - 27, b + h = 3*h + 28. What is the highest common factor of b and 6?
6
Suppose -8*s - 660 = -12*s. Calculate the greatest common factor of s and 15.
15
Suppose 0 = 3*b - b - g - 51, -4*g = b - 3. What is the highest common factor of 23 and b?
23
Let d be (0 + (-250)/15)*(-24)/10. Calculate the highest common factor of 5 and d.
5
Let n be 3/(-9)*15*-9. Calculate the highest common factor of 45 and n.
45
Suppose -12 = -2*y + 24. Suppose 138 = f + f + 2*r, -2*r - 6 = 0. What is the greatest common divisor of y and f?
18
Suppose 2*u + 119 = 3*u. Suppose -u - 106 = -3*a. Calculate the greatest common divisor of 15 and a.
15
Let v = -74 + 146. What is the greatest common divisor of v and 9?
9
Let v(b) = -b + 9. Let w be v(7). Let m be (w/(-3)*-3)/(-2). Let c be 1/1*(m + 22). What is the greatest common factor of c and 3?
3
Let c(t) = t**2 - 4*t - 5. Let q be c(11). Calculate the greatest common factor of 8 and q.
8
Let j = 15 + -11. Suppose j*y = 5*m + 132, -3*y - 2*m + 62 = -14. What is the greatest common divisor of 70 and y?
14
Suppose 2*n - 2*i = 320, -112 = -5*n - i + 682. What is the highest common divisor of 53 and n?
53
Suppose 1595 = 5*j + 6*j. What is the greatest common factor of j and 58?
29
Let i(a) be the first derivative of a**4/4 + a**3/3 + 99*a + 1. Suppose 2*c - c = -3*c. Let v be i(c). Calculate the greatest common factor of v and 11.
11
Let z = -9 + 74. Suppose 0 = q - 0 - 13. Calculate the highest common divisor of q and z.
13
Let t be (156*2)/3 - 2. Suppose -t + 32 = -m. Calculate the highest common factor of m and 10.
10
Suppose -n - 3 = 0, -2*l + 101 = -4*n - n. What is the greatest common factor of l and 43?
43
Let b = -37 -